a prime number?
False
Is 1087 composite?
False
Is 16333 a composite number?
False
Is 18017 a composite number?
True
Is 18481 composite?
False
Is 85049 a prime number?
True
Is 46237 a prime number?
True
Is 53709 prime?
False
Is 10367 prime?
False
Is 95671 a prime number?
False
Is 3436945 a prime number?
False
Is 65 prime?
False
Is 3659 composite?
False
Is 36485 composite?
True
Is 897971 composite?
False
Is 49703 a composite number?
True
Is 52081 a composite number?
False
Is 22469 a composite number?
False
Is 49981 prime?
False
Is 99079 composite?
False
Is 2297237 a prime number?
False
Is 3716291 a prime number?
True
Is 8353 prime?
True
Is 1761 a prime number?
False
Is 4227 a prime number?
False
Is 243887 prime?
False
Is 8465 a composite number?
True
Is 431 a composite number?
False
Is 268403 composite?
False
Is 325153 a prime number?
True
Is 32845 a composite number?
True
Is 317 a composite number?
False
Is 613 a composite number?
False
Is 50311 a prime number?
True
Is 78203 prime?
True
Is 7393 a prime number?
True
Is 255301 composite?
True
Is 63647 composite?
False
Is 45943 a composite number?
False
Is 2285 prime?
False
Is 69547 prime?
False
Is 5773 prime?
False
Is 751 prime?
True
Is 5077 composite?
False
Is 8519 a composite number?
True
Is 86827 prime?
False
Is 9935 a prime number?
False
Is 533771 a composite number?
True
Is 238827 a composite number?
True
Is 492491 prime?
True
Is 1351697 prime?
True
Is 37799 composite?
False
Is 970753 prime?
False
Is 449 prime?
True
Is 797 composite?
False
Is 1582673 a prime number?
True
Is 687491 composite?
True
Is 287 a prime number?
False
Is 1062581 a prime number?
False
Is 9409 prime?
False
Is 7739 a prime number?
False
Is 102359 composite?
False
Is 105845 a prime number?
False
Is 17159 prime?
True
Is 204707 composite?
False
Is 4367 a prime number?
False
Is 30161 composite?
False
Is 1133459 a prime number?
True
Is 46601 composite?
False
Is 18803 prime?
True
Is 4045 composite?
True
Is 259991 a composite number?
False
Is 318103 composite?
False
Is 9521 a prime number?
True
Is 47111 a composite number?
False
Is 107039 a composite number?
True
Is 17707 composite?
False
Is 25151 a prime number?
False
Is 12829 prime?
True
Is 23995 composite?
True
Is 4107773 prime?
False
Is 16793 prime?
False
Is 221303 a prime number?
True
Is 91837 a prime number?
True
Is 1639 composite?
True
Is 2441987 a composite number?
False
Is 207229 a prime number?
False
Is 20751 a prime number?
False
Is 7251 a composite number?
True
Is 6005 composite?
True
Is 235 prime?
False
Is 1227683 a prime number?
True
Is 240997 a prime number?
True
Is 2147 a prime number?
False
Is 22147 prime?
True
Is 3165341 a composite number?
False
Is 21349 composite?
True
Is 11351 prime?
True
Is 218249 prime?
True
Is 72453 prime?
False
Is 568313 prime?
False
Is 275263 a composite number?
False
Is 2921 composite?
True
Is 150907 a prime number?
True
Is 21635 a composite number?
True
Is 80167 a composite number?
False
Is 90154 prime?
False
Is 7037 composite?
True
Is 21059 a composite number?
False
Is 30937 a prime number?
True
Is 13811 a composite number?
True
Is 25903 composite?
False
Is 7978403 composite?
False
Is 2741 a composite number?
False
Is 111646 a prime number?
False
Is 32467 a prime number?
True
Is 554 a composite number?
True
Is 375667 composite?
False
Is 57163 composite?
False
Is 405271 prime?
False
Is 3359 a composite number?
False
Is 91591 a composite number?
False
Is 114007 a prime number?
False
Is 399473 prime?
True
Is 28345 prime?
False
Is 589993 composite?
False
Is 376729 composite?
False
Is 23497 composite?
False
Is 491251 a prime number?
True
Is 54001 composite?
False
Is 265349 prime?
False
Is 402739 composite?
False
Is 11437 prime?
True
Is 5711 composite?
False
Is 22807 a prime number?
True
Is 33398 a composite number?
True
Is 409 prime?
True
Is 31013 a composite number?
False
Is 1235131 a composite number?
False
Is 37769 a composite number?
True
Is 19001 prime?
True
Is 49019 composite?
False
Is 26259 a prime number?
False
Is 9235 a prime number?
False
Is 590217 a composite number?
True
Is 184021 composite?
True
Is 191567 composite?
True
Is 24599 a composite number?
True
Is 1548629 a prime number?
False
Is 81521 composite?
True
Is 13043 composite?
False
Is 1311899 composite?
False
Is 90941 a composite number?
True
Is 341645 a prime number?
False
Is 15227 a prime number?
True
Is 50177 a prime number?
True
Is 5911 prime?
False
Is 4315 a composite number?
True
Is 5147 composite?
False
Is 26861 a prime number?
True
Is 23971 a prime number?
True
Is 22226 a prime number?
False
Is 368689 prime?
True
Is 68707 a composite number?
True
Is 277297 composite?
False
Is 85477 a prime number?
False
Is 559 composite?
True
Is 153479 a prime number?
False
Is 305069 a prime number?
True
Is 6941 a prime number?
False
Is 1171 a prime number?
True
Is 132841 composite?
True
Is 587 composite?
False
Is 361 a prime number?
False
Is 11443 composite?
False
Is 22091 a composite number?
False
Is 10279 composite?
True
Is 3259907 composite?
True
Is 3898 a prime number?
False
Is 1876633 a composite number?
True
Is 266281 a prime number?
True
Is 143386 a prime number?
False
Is 14699 composite?
False
Is 6179 a prime number?
False
Is 19441 prime?
True
Is 9169 composite?
True
Is 3151 a composite number?
True
Is 168193 composite?
False
Is 182317 a prime number?
False
Is 21557 prime?
True
Is 4391 prime?
True
Is 202169 a composite number?
True
Is 286421 composite?
False
Is 24713 a composite number?
True
Is 34981 a composite number?
False
Is 1561 a prime number?
False
Is 209635 a prime number?
False
Is 20699 a prime number?
False
Is 6017 a prime number?
False
Is 122761 a prime number?
True
Is 519461 a prime number?
False
Is 2123 composite?
True
Is 3659 prime?
True
Is 33491 prime?
False
Is 16153 composite?
True
Is 1299 prime?
False
Is 19615 a composite number?
True
Is 12587 a composite number?
True
Is 1335638 a prime number?
False
Is 6187 composite?
True
Is 9467 prime?
True
Is 10559 prime?
True
Is 124631 a composite number?
True
Is 64333 composite?
False
Is 377893 composite?
True
Is 167309 prime?
True
Is 3669 composite?
True
Is 7001 a prime number?
True
Is 44809 a composite number?
False
Is 26077 composite?
True
Is 91319 a prime number?
False
Is 44069 prime?
False
Is 47935 a prime number?
False
Is 65357 a prime number?
True
Is 14699 prime?
True
Is 248971 a composite number?
False
Is 7219 a composite number?
False
Is 8513 prime?
True
Is 52238 composite?
True
Is 217387 a composite number?
False
Is 24359 prime?
True
Is 11113 a prime number?
True
Is 919 a composite number?
False
Is 384862 a composite number?
True
Is 101737 prime?
True
Is 921 composite?
True
Is 58787 a prime number?
True
Is 16963 prime?
True
Is 124459 a composite number?
False
Is 617231 a prime number?
True
Is 949261 prime?
True
Is 199313 prime?
True
Is 85039 a prime number?
False
Is 51881 a prime number?
False
Is 1973 prime?
True
Is 1049 composite?
False
Is 1703 a prime number?
False
Is 16673 composite?
False
Is 119723 prime?
True
Is 2395 a prime number?
False
Is 7997 prime?
False
Is 51323 a prime number?
False
Is 37117 prime?
True
Is 67657 a composite number?
True
Is 284261 a prime number?
True
Is 76309 prime?
False
Is 326195 composite?
True
Is 6021307 a composite number?
True
Is 1799033 composite?
True
Is 402991 prime?
True
Is 39089 a prime number?
True
Is 12661 composite?
True
Is 4349 prime?
True
Is 44041 a prime number?
True
Is 219227 prime?
False
Is 8761 prime?
True
Is 74533 a prime number?
False
Is 543593 a composite number?
False
Is 132007 a prime number?
False
Is 47039 prime?
False
Is 32459 prime?
False
Is 258743 composite?
False
Is 167009 a composite number?
False
Is 140891 a composite number?
False
Is 15427 a composite number?
False
Is 4937 composite?
False
Is 19267 composite?
False
Is 20393 prime?
True
Is 16141 a composite number?
False
Is 8605 prime?
False
Is 11311 a prime number?
True
Is 435481 a composite number?
False
Is 68311 a prime number?
True
Is 747107 a prime number?
True
Is 10717 prime?
False
Is 73637 a composite number?
False
Is 339739 prime?
False
Is 2941 prime?
False
Is 1061 composite?
False
Is 4609 a composite number?
True
Is 30983 prime?
True
Is 24317 prime?
True
Is 1067263 a composite num